m be (-6)/(-5)*(-3 - (-38)/6). Calculate the greatest common divisor of m and y.
4
Suppose -3*v + 3*y + 13 = -23, 5*v - 56 = 4*y. Suppose -5*w + 54 + 16 = -5*i, -4*i = -v. What is the greatest common factor of 128 and w?
16
Suppose -6*x + 187 = -3*x - 4*g, -x + g + 62 = 0. Let b be x/9 - (-3 + 100/36). Suppose -6*q - 5 = -b*q. What is the greatest common factor of 55 and q?
5
Suppose -3*c + 11 = -4. Suppose 2*g = 2*q + 402, -4*q + 0*q = 0. Let w be (16/(-10))/(8 + g/(-25)). What is the highest common divisor of c and w?
5
Suppose -24*a + 19279 = 5599. Suppose 8*k + 122 - a = 0. What is the highest common divisor of 84 and k?
28
Suppose t - 179 = -3*q, 295 = 5*q - 3*t + 8*t. Suppose 31*r - 36*r + q = 0. Let m(z) = z + 2. Let x be m(6). What is the highest common divisor of r and x?
4
Let z(r) = -r**3 + 24*r**2 + 69*r - 1020. Let x be z(25). Calculate the highest common factor of x and 745.
5
Let n = -3071 - -3078. What is the greatest common factor of n and 532?
7
Let m be (2/(8/5406))/((-246)/(-328)). What is the greatest common divisor of m and 136?
34
Suppose -3*i - 12655 = -5*s, s + 4*i - 10092 = -3*s. What is the greatest common factor of 224 and s?
32
Let h = 11766 + -10744. Calculate the highest common factor of h and 2774.
146
Suppose 3*q + 173 + 526 = 0. Let h = 321 + q. Calculate the greatest common factor of 16 and h.
8
Let g(f) = 2*f**2 + 5*f + 51. Let t be g(-18). Let p be t/((-3)/(-6) + 1). Let d = p + -254. Calculate the highest common factor of d and 19.
19
Let t be -129 - (4/(-12) - 32/12). Let i = 136 + t. Calculate the highest common divisor of 160 and i.
10
Suppose 3 = 340*y - 337*y. Let p be ((-57)/(-114))/(0 + y/242). Calculate the highest common factor of 11 and p.
11
Let b(z) = 4382*z - 2563. Let a be b(3). What is the greatest common divisor of 76 and a?
19
Let r(p) = -p + 43. Let a be (-30)/150 - 156/(-5). Let b be r(a). What is the highest common factor of b and 264?
12
Let d = 80 + -76. Suppose -3*g + 7*f - 12*f = -194, d*f - 67 = -g. Suppose g = 25*x - 22*x. What is the greatest common divisor of 28 and x?
7
Let j = -274 - -404. What is the greatest common divisor of 286 and j?
26
Let w be (4/(-10))/(16/(-40)). Let j be (2 + -3)/w*3. Let a be 114/9 + j/(-9). Calculate the highest common factor of a and 52.
13
Let t = 2950 + -2906. What is the highest common factor of t and 374?
22
Suppose 368*a - 366*a = w + 18302, -2*w + 18326 = 2*a. What is the greatest common factor of 15 and a?
5
Let w = -45 + 21. Let j = 10 - w. Let k = 54 - j. Calculate the greatest common divisor of 15 and k.
5
Let j(a) = 4*a**2 + 143*a - 1240. Let t be j(8). Calculate the highest common factor of t and 1024.
32
Suppose -193 = 101*a + 9. Suppose 4*p + 15 = p. Let z be 22 - (p - -7 - a). Calculate the greatest common factor of 12 and z.
6
Let s(g) = g**3 - 23*g**2 + 127*g - 64. Let c be s(15). What is the greatest common factor of c and 6847?
41
Let b(q) = q**2 + 2*q - 25. Let j be b(5). Suppose -3*h + 7*c = j*c - 27, 0 = c + 3. What is the highest common factor of 12 and h?
12
Let q be -15 - -11 - (-18)/2. Suppose 3*v - q*j = -0*j + 21, 0 = -3*v - 5*j + 21. What is the greatest common factor of 14 and v?
7
Let u(g) = 19*g**2 + 340*g - 3. Let z be u(-18). Suppose 0 = -2*y + 181 + 215. Calculate the greatest common divisor of y and z.
33
Suppose 180499 = 122*l + 30*l + 36251. Calculate the greatest common factor of l and 146.
73
Suppose -2 = y, 0 = k - 2*y - 31 + 8. Let t(h) = -26*h + 1. Let j be t(-8). What is the greatest common divisor of k and j?
19
Suppose 3*t - 1698 = -t - 5*c, -5*t - 3*c + 2129 = 0. Suppose -7*r + t = -0*r. Suppose 13 = -4*i + r. What is the highest common divisor of 12 and i?
12
Let r(z) = z**3 + 27*z**2 + 9*z + 59. Let v be r(-15). Calculate the highest common factor of v and 192.
64
Let c be (-1)/(3/444*10/(-5)). Let a = c + -86. Let o be (-4)/6 - (32/a + 0). Calculate the highest common factor of 22 and o.
2
Let v = -32808 - -33282. Calculate the highest common factor of 13904 and v.
158
Let k = -850 - -576. Let f = k + 286. Calculate the highest common factor of 84 and f.
12
Let d = 3999 + -3895. Let k be -2 - 1 - (0 + 1). Let u = k + 17. Calculate the highest common factor of u and d.
13
Suppose 186*t - 172*t = 95760. Calculate the greatest common divisor of t and 114.
114
Suppose 2*h = -3*z + 420, 654*h - z = 657*h - 616. What is the highest common divisor of 2788 and h?
68
Let p = 457 - 443. Let w = -21 - -35. Calculate the highest common divisor of p and w.
14
Let w(f) = -2*f**2 + 2*f + 55. Let l be (3/18*-4)/(2/3). Let a be 0/(-7)*l/2. Let x be w(a). Calculate the greatest common divisor of 5 and x.
5
Suppose 9 + 3 = -4*l, -5*j + 5*l + 50 = 0. Suppose 6*n + 31 = j*n. Let z = n - 11. What is the greatest common divisor of 4 and z?
4
Let f = -21665 + 21760. Calculate the greatest common divisor of f and 4579.
19
Let k = 3 - -11. Let w(d) = -d**2 - 2*d + 37. Let b be w(-7). Suppose 3*h - 306 = -b*y - 22, -465 = -5*h - 5*y. What is the highest common divisor of h and k?
14
Let a be 6/(36/(-30)) + 2 + 1. Let r(h) = -2*h**3 - 2*h**2 + h. Let j be r(a). Let v = j + 9. What is the highest common divisor of 15 and v?
15
Suppose -4*i - 69 = a - 898, 3*i = 2*a + 619. What is the greatest common factor of i and 27?
9
Let c = 120 + -123. Let g be (-4370)/(-69) + (-5)/c. What is the highest common factor of g and 325?
65
Let v = -5248 - -6812. What is the highest common factor of 544 and v?
68
Let l(d) = d**3 - 9*d**2 + 4. Let h be l(9). Suppose -z - o = -64, 3*z + h*o - 197 = -0*o. What is the highest common factor of 649 and z?
59
Let s = 284 - 280. Suppose 4*r - 4*x - x - 40 = 0, -5*r + s*x = -41. Let j = 0 + 55. Calculate the highest common factor of r and j.
5
Let f be (-22)/55 - (3 + (-423856)/40). What is the highest common divisor of f and 99?
99
Suppose -40*o - 5541 = -25301. Suppose 1027 = 39*u - o. What is the greatest common factor of u and 1209?
39
Suppose -5*y + 5*w = -75, 2*w - 40 = 4*y - 112. Calculate the greatest common factor of y and 273.
21
Let l = -93 - -139. Let x be (-1)/(l/(-30) + (-24)/(-18)). Calculate the highest common factor of x and 7.
1
Suppose -4*w - 2*q = 36, 4*w = 2*q - 31 - 13. Let p be ((-56)/(-42) - w/(-12))*54. What is the highest common factor of 621 and p?
27
Let x = -26 + 36. Let n(u) = -u**2 + 2*u + 30. Let v be n(6). Suppose -v*p = -7*p + 25. What is the highest common factor of x and p?
5
Suppose -4*y - 47 = -5*y + 2*h, -2*y - 2*h + 82 = 0. Let t = -53 + y. Let u be (156/(-20) + 6)/(3/t). Calculate the greatest common factor of u and 2.
2
Let i be ((-1176)/35)/((-282)/(-60) - 5). What is the greatest common divisor of 567 and i?
7
Let b(j) = 15*j + 80. Let l be b(-11). Let a = 102 + l. Suppose 0 = d + 3 + 1, -3*h + 2*d + 263 = 0. Calculate the highest common factor of h and a.
17
Let o = 9 - 5. Let k be 4/8*(21 + -2 + 1). Let h be k/3*1*(-48)/(-10). Calculate the highest common divisor of o and h.
4
Let l(u) = 127*u + 305. Let p be l(0). What is the greatest common factor of 60 and p?
5
Suppose -775*t = 4*v - 776*t - 272, -2*v = -3*t - 116. What is the greatest common factor of v and 660?
10
Let m = 5270 - 5049. What is the greatest common factor of 561 and m?
17
Suppose 67*z - 83*z + 112 = 0. Suppose 11*x = 48 + z. Calculate the greatest common divisor of x and 295.
5
Let j be (43/((-2150)/80))/((-6)/225). Calculate the greatest common divisor of j and 2940.
60
Let m(v) = 3*v**3 + 94*v**2 + 29*v - 98. Let i be m(-31). Let n = 48 + -90. Let q = i - n. What is the greatest common factor of 24 and q?
6
Suppose -1448*u - 215*u + 315249 = 900*u. Suppose 2*g - 3*q - 16 = 148, 0 = 3*q. What is the highest common factor of u and g?
41
Suppose -3534 = 203*o - 211*o + 1866. Calculate the greatest common divisor of o and 360.
45
Let q be 60/20 - (-20 - -2). Suppose i - 14 = 7. Let w = i + -18. What is the greatest common divisor of w and q?
3
Let y = 88 - 10. Suppose k = -5*k + y. Suppose -3*d + 13*d - 1690 = 0. Calculate the greatest common divisor of k and d.
13
Suppose -4*s + 5*k + 7 = 0, 10*s + 3*k + 15 = 7*s. Let z be ((-62)/(-93))/(s/(-126)). Calculate the highest common factor of 462 and z.
42
Suppose 2*a - 33 = -10*t + 13*t, -4*t = a - 11. What is the highest common divisor of 